vative of 1/12*n**4 - 5/2*n**2 - 15*n + 2/3*n**3 + x. Give a(-6).
7
Let m = 994 - 924. Suppose -126 = 28*h + m. Let r(y) = y**3 + 5*y**2 - 9*y + 9. Calculate r(h).
-26
Let i(l) = l + 10. Let f = -2900 - -2892. Determine i(f).
2
Let g be 17 + 1 + (-2 - -3). Let f(n) = 74 - 3 - 89 + n + 0*n. What is f(g)?
1
Let z(l) be the first derivative of -6*l - 99 + 5*l + l**2 - 7 - 3*l. Suppose 2*q = -q + 18. What is z(q)?
8
Suppose 56*g = 70*g. Let a(z) = -z**2 - 3*z - 105. Calculate a(g).
-105
Let r(u) = -13*u**2 - 1. Let m be 4 + -1*1/(5/115). Let x be m/95 - (-6)/5. Determine r(x).
-14
Let u be ((-6)/4)/(6/(-176)). Let j be (-1)/(12/(-21)*16/(-448)). Let v = u + j. Let p(f) = -f + 7. Calculate p(v).
12
Let r(w) = -w**3 - 3*w**2 + w + 4. Let g(z) = 2*z**3 + 47*z**2 - 27*z - 78. Let a be g(-24). What is r(a)?
106
Let w(m) be the second derivative of -m**3 - 5*m**2 + 5*m - 146. Determine w(0).
-10
Let s(y) = -y**2 + 4. Let u(v) = -2*v**3 + 100*v**2 + 108*v - 314. Let g be u(51). Determine s(g).
-60
Let y(b) = -28*b + 4. Let k = -13021 + 13022. Calculate y(k).
-24
Let a(w) be the first derivative of -w**4/4 + 3*w**3 - 11*w**2/2 - 24*w - 2107. What is a(7)?
-3
Let d(q) be the third derivative of -q**5/60 + 11*q**4/24 + 7*q**3 + 797*q**2. Give d(14).
0
Let v be (-4)/((-2)/(-1)) + 4. Let f be (0 + -1)/(v/(-6)). Let p(d) = 10*d**2 - 18*d**2 - 4 + 6*d**2 + 3*d. What is p(f)?
-13
Let w(c) = -c**2 + 7*c - 5. Let x = -101 + 168. Suppose -13*m = -x + 15. Calculate w(m).
7
Suppose 8*j - 88 = 4*j + 26*j. Let b(d) = -d**3 - d**2 + 7*d + 11. Calculate b(j).
31
Let k(r) = r**3 - 2*r**2 + r. Suppose 88*s = 74*s + 42. Let b(h) = 2*h**3 - 11*h**2 + 6*h - 1. Let j(f) = s*k(f) - b(f). Determine j(-5).
16
Let b(g) = -12*g. Let w(x) = 2*x**3 + 5*x**2 + 4*x + 4. Let k be w(-2). Let s = -17 - -20. Suppose k*j = 4*l - 3*j + 4, -s*l - 2 = -2*j. Give b(l).
-24
Let u(q) = -q + 75. Let f(g) = -g + 26. Let w(x) = -3*f(x) + u(x). Calculate w(-1).
-5
Let r(i) = 14*i**2 - 12*i - 15. Let k(p) be the first derivative of 5*p + 2*p**2 - 5/3*p**3 + 29. Let b(l) = 11*k(l) + 4*r(l). Calculate b(6).
7
Let j = -98 + 110. Suppose 0 = j*v - v - 77. Let g(y) be the second derivative of -y**4/12 + 7*y**3/6 - 5*y**2/2 + 3*y. Give g(v).
-5
Let g(j) = -j**3 + 4*j**2 + j + 3. Suppose -18*b - 6 = -3*f - 22*b, 2*f = 10*b + 42. Give g(f).
-63
Let j(a) = 1. Let i(n) = -n**3 + 4*n**2 + n. Let t(h) = i(h) - 2*j(h). Let l = 227 + -224. Calculate t(l).
10
Let b(p) = 10*p**3 + 4*p - 5. Let u be -4*(52/(-16) - -3). Let t be b(u). Let r be (19 - -2)/(-3) + 9/t. Let g(z) = -z**2 - 5*z - 2. Calculate g(r).
-8
Let n(a) = -11*a + 1. Suppose 1 = 5*g + 4*t - 24, -3*t + 10 = 2*g. Suppose 0 = -g*s - 5*k + 5, 3*s + 2*k = 4*s - 4. What is n(s)?
-21
Let h(r) = 16*r**2 - 15*r - 27. Let z(s) = 3*s**2 - 3*s - 5. Let g(v) = -2*h(v) + 11*z(v). Let c be 15 + (-2 + 3)/(-1). Suppose 10*m = c*m - 20. Give g(m).
9
Let j(z) = -2*z - 10. Let y be (-3 + (-85)/(-25))*10. Let g be y/(0 - -4) - -2. Let t be 3 - (15 + (-1 - g)). Give j(t).
6
Let p(n) = -7*n**2 - n + 2. Suppose -41*r + 89*r = -54*r + 102. Determine p(r).
-6
Let f(z) be the third derivative of 5*z**4/24 - z**3/3 - 3*z**2 - 333. Let w be (-2 - -3)*0 + -3. Determine f(w).
-17
Suppose -4*v = 5*z - 2*v - 11, 0 = 4*z - 2*v - 16. Let n(u) = 195056*u - 5*u**2 - 195055*u + 13*u**2 + 8 + u**z. Give n(-8).
0
Suppose 3*i - 15 = 8*i. Let g be 4*(-5)/(-5) - i. Let k be (2 + (-33)/21)*g. Let a(b) = -9*b + 4. Calculate a(k).
-23
Let z(c) = -24*c - 8542. Let y(q) = 17*q + 6102. Let t(x) = 7*y(x) + 5*z(x). Let j(o) = o**2 + 3*o - 2. Let v be j(-2). What is t(v)?
8
Let r(c) = c**2 - 5*c - 1. Let k = 5574 - 5568. Determine r(k).
5
Let a(j) = -j**2 + 21*j - 144. Let x be a(10). Let b(k) = 9*k + 310. What is b(x)?
4
Let o(r) = r**2 + 6*r + 4. Let x be o(-5). Let i(c) = 26*c + 54. Let h be i(-2). Let n(w) = -3 - 21*w**3 + 4 + h*w + 22*w**3 + 3*w**2. Determine n(x).
1
Let n be 2/(-4)*28/(-7). Suppose 39 = 5*y + 3*s - 3, n*s - 32 = -4*y. Let h(x) = -x. Calculate h(y).
-6
Suppose 0 = 4*a + 1 + 3. Let t(u) = 85*u + 76. Let n(p) = 39*p + 34. Let x(g) = 9*n(g) - 4*t(g). Determine x(a).
-9
Let c(h) = h**3 + 5*h**2 - 8*h - 7. Suppose 11*n - 107 = 80. Suppose -l - 23 + n = 0. Give c(l).
5
Let m(i) = i**2 + 4*i**2 - 3*i**3 + i + 4*i**3. Suppose 5*c - 10*c + 5*w + 245 = 0, c - 45 = -w. Suppose -113 = 32*b + c. What is m(b)?
-5
Let u(n) be the second derivative of n**5/20 - 23*n**4/12 + 23*n**3/6 - 9*n**2 - 185*n - 2. What is u(22)?
4
Let b(i) be the third derivative of 11*i - 5*i**2 - 1/6*i**3 - 1/12*i**4 + 0 - 2/15*i**5 - 1/120*i**6. Let q(t) = 9*t + 1. Let h be q(-1). What is b(h)?
15
Let r(w) be the second derivative of w**4/12 + 2*w**3/3 + 7*w**2/2 - 327*w - 117. Let l be ((-18)/3)/(1 - 0). Determine r(l).
19
Let a be 3 - 1*(-30 + 1). Let p = 37 - a. Let o(y) = p*y**2 - 11*y - 1 + 24*y - 17*y + y**3. What is o(-6)?
-13
Let i(p) = 6*p**2 + 1. Let n(q) = 6*q - 142. Let f be n(32). Let g be (-34)/(-38) - f/(-475). What is i(g)?
7
Suppose 2*r - 4*t = -6, r = t + 3*t - 1. Let b(x) = -x**3 - 6*x**2 - 6*x - 1. Let f be b(r). Let v(o) = 7*o - o**3 - 2 + 2 + 2*o**2 + 0 - 6. What is v(f)?
-10
Let o(s) = -s - 8. Let w(f) = -f**3 - 3*f**2 + 14*f - 19. Let r be w(-6). Suppose -5*h - 30 = 4*i - 0, 2*h = r*i + 21. Calculate o(h).
-6
Let p(t) = 7*t + 1. Suppose -136 = -4*c - 104. Let u be 4/(-6)*(-6 - (-4 - c)). Give p(u).
-27
Let w(r) = -2*r - 33. Let b be (13 - (8 - -15))/(1/2). Let d be 1 - (-1 - b) - 0. Calculate w(d).
3
Let t(o) = 7*o**2 - 3*o**2 - o**2 - 6 - 4*o**2 - 7*o. Let j = 893 - 899. Calculate t(j).
0
Let f be (2 - 4)/(26/104). Let c(i) = 2*i**2 + 10*i - 3. Give c(f).
45
Let q be (-1)/(-3) - (100/(-15) - 5). Suppose -2*i - r - 13 = 4, 0 = -4*r - q. Let l(x) = -8 - x**3 - 6*x**2 - 6*x + 7*x + 0*x**2 + 4*x. What is l(i)?
6
Let h(p) = -8823 - 7748 - 2*p + 16578. Let k be 1 - (1*-1 + -52). Let i be (-1)/(-4) - k/(-8). What is h(i)?
-7
Let j(a) = a**2 - 35*a - 16. Let r be 330/9 - ((-44)/6 + (10 - 2)). Determine j(r).
20
Let d(o) be the first derivative of -o**4/4 - 25*o**3/3 + 85*o**2/2 + 21*o - 773. Determine d(-28).
-7
Suppose -5*c + 66 = -3*a, 3*c + 3*a + 825 = 807. Let r(o) = 3*o + 0 + 0 - 4. Determine r(c).
14
Let w(l) be the second derivative of 9*l + 1/2*l**4 - l**3 - 1/20*l**5 + l**2 - 2. Calculate w(4).
10
Let b be 32/(-6) - (-2)/6. Let j(u) = 11*u - 2. Let l(c) = -2*c - 3. Let a(d) = 5*d + 16. Let k(t) = -4*a(t) - 20*l(t). Let q(f) = -11*j(f) + 6*k(f). Give q(b).
3
Let b(s) = -1532 + 1526 + 2*s - 10*s + 10*s. Determine b(0).
-6
Let a be 0 + (-1 - 1) + 1. Let g be (-6)/(a/((-16)/(-12))). Let v(j) = -2 + 7*j**3 + 1 - g*j**3. Give v(-1).
0
Let a(d) = d**2 - 11*d + 2. Let h(c) be the third derivative of -c**4/2 - 25*c**3/3 + 4*c**2 - 2*c. Let w be h(-5). Calculate a(w).
-8
Let h(q) = -1. Let v(u) = -u**2 + 10*u - 7. Let l(m) = 2*h(m) + v(m). Suppose 3*i - 45 = -3*c, -c - 199 + 184 = -2*i. Give l(i).
-9
Let t(f) = 2*f - 2. Suppose 2*n - 551 = i, 3*n - 5*n + 561 = -3*i. Let m = 275 - n. Give t(m).
2
Let y(p) = -p**3 - 4*p**2 + 5*p + 2. Let r = 4396 + -4401. Give y(r).
2
Let k(s) = -2*s**2 + 3*s. Let u be k(-1). Let a be (-6)/u - (-783)/435. Let b(q) = q**3 - 5*q**2 + 4*q - 3. Determine b(a).
-9
Let r(f) = 16*f**3 + 9*f**2 - 20*f + 14. Let h(s) = -3*s**3 - 2*s**2 + 4*s - 3. Let q(j) = 11*h(j) + 2*r(j). Let c = 6784 + -6789. Calculate q(c).
0
Let p(w) = -3*w**3 - 5*w**2 - 3*w + 3. Suppose -s - 2 = 5*n + 21, 0 = -s - 14*n - 59. Determine p(s).
48
Let k(z) be the third derivative of -3*z**6/20 + z**5/30 - 5*z**4/24 - 2*z**3/3 + z**2 - 4503*z. Give k(-1).
21
Let z(d) = 8*d**2 - 51*d + 49. Let u = 9490 - 9485. Give z(u).
-6
Suppose 5*s = 4*c + 25 - 97, -4*s = -2*c + 48. Let q(z) be the third derivative of -z**4/8 + 19*z**3/6 - z**2. Give q(c).
-5
Suppose 0 = 3*p - j + 131, 3*p + 4*j - 2*j = -143. Let a be (-3)/p*6 - 93/(-5). Let y = 9 - a. Let d(v) = -v - 6. Calculate d(y).
4
Let w(l) = -2*l + 8. Let n(j) = 4*j - 10. Let t be n(2). Let k be (t - 0)*(-189)/54. Give w(k).
-6
Let j(o) = -o - 26. Let p(c) = 73*c + 1889. Let g be p(-26). Give j(g).
-17
Suppose 0 = -2*u - 10, u + 35 = -4*f + 34. Let i(b) = 3*b**2 - 2. Let y(z) = -3*z + 2*z + 4*z**2 - 5*z**2. Let g(l) = f*i(l) + 2*y(l). Determine g(3).
1
Let r(o) = 3